2 (base 7) to base 4.
13002
-1180 (base 10) to base 6
-5244
Convert 1611 (base 7) to base 13.
3a8
5040 (base 10) to base 8
11660
What is -32 (base 6) in base 12?
-18
695 (base 11) to base 5
11310
-11101001000010 (base 2) to base 15
-4644
Convert -798 (base 16) to base 9.
-2600
1501 (base 8) to base 4
31001
Convert 342 (base 12) to base 15.
222
Convert -114606 (base 8) to base 3.
-1222220122
What is 1101101111111000 (base 2) in base 6?
1112412
What is -203 (base 16) in base 12?
-36b
3075 (base 8) to base 5
22342
Convert 165 (base 9) to base 7.
260
What is 21300332 (base 4) in base 6?
505102
Convert 35b (base 13) to base 5.
4313
100101110 (base 2) to base 14
178
Convert -102203101 (base 4) to base 10.
-75985
Convert -2560 (base 7) to base 8.
-1715
-1111111011001 (base 2) to base 8
-17731
What is 212211110 (base 3) in base 10?
17373
What is 13b4 (base 15) in base 11?
3196
Convert 490 (base 11) to base 7.
1462
-10100101110 (base 2) to base 10
-1326
Convert -1423300 (base 5) to base 2.
-111010010000001
-1492 (base 11) to base 8
-3574
Convert -1004 (base 5) to base 15.
-89
Convert -5642 (base 7) to base 9.
-2715
Convert -243 (base 14) to base 6.
-2031
Convert 1012134 (base 5) to base 12.
96a8
Convert 31231003 (base 4) to base 2.
1101101101000011
What is 671 (base 10) in base 6?
3035
Convert 3212410 (base 5) to base 3.
2202012220
Convert 1000001020 (base 3) to base 9.
30036
-ac (base 16) to base 8
-254
What is -471 (base 8) in base 2?
-100111001
Convert -1142 (base 6) to base 16.
-116
What is -2db (base 14) in base 4?
-21021
What is 495 (base 16) in base 5?
14143
24413 (base 7) to base 16
18ec
Convert -100220 (base 3) to base 13.
-177
Convert 237 (base 15) to base 11.
417
Convert -543 (base 7) to base 9.
-336
-123213 (base 5) to base 11
-3681
Convert -e8 (base 15) to base 16.
-da
What is 55106 (base 7) in base 8?
32717
Convert 10221133 (base 4) to base 6.
224051
105 (base 11) to base 13
99
What is f7f (base 16) in base 12?
2367
Convert -31424 (base 5) to base 7.
-6110
What is 84a (base 14) in base 5?
23014
Convert 100000010 (base 2) to base 5.
2013
108 (base 16) to base 2
100001000
-841 (base 9) to base 13
-409
202144 (base 7) to base 14
c75b
Convert -26747 (base 8) to base 16.
-2de7
-1021110 (base 3) to base 11
-776
Convert -355 (base 6) to base 5.
-1033
What is -289 (base 10) in base 15?
-144
10110121 (base 3) to base 9
3417
-3563 (base 15) to base 11
-8582
Convert 3734 (base 8) to base 15.
8e2
20220322 (base 4) to base 9
53477
Convert 240 (base 9) to base 13.
123
What is -2108 (base 10) in base 5?
-31413
Convert -425 (base 16) to base 11.
-885
-3229 (base 16) to base 8
-31051
Convert 22b9 (base 13) to base 8.
11424
What is 660 (base 8) in base 7?
1155
What is -2375 (base 9) in base 8?
-3351
What is -20a78 (base 11) in base 5?
-1434302
What is 13433 (base 10) in base 12?
7935
132213 (base 5) to base 16
14bc
Convert -221000 (base 6) to base 10.
-18360
What is -3443 (base 5) in base 11?
-413
Convert 60b8 (base 12) to base 5.
314013
What is -211012 (base 4) in base 15?
-a84
What is -765 (base 12) in base 15?
-4c5
-2120 (base 3) to base 13
-54
Convert -15322 (base 6) to base 10.
-2498
What is 1234 (base 5) in base 4?
3002
-1501 (base 12) to base 8
-4621
112441 (base 5) to base 6
31025
Convert -8b78 (base 14) to base 2.
-101111010010110
What is 5824 (base 11) in base 7?
31205
1211001002 (base 3) to base 14
d058
Convert 9ba2 (base 12) to base 4.
10031222
-31548 (base 9) to base 3
-1001121122
What is 10000010 (base 3) in base 11?
1711
Convert -4776 (base 8) to base 9.
-3452
-1102120121 (base 3) to base 6
-334111
-631 (base 10) to base 11
-524
Convert 24a3 (base 12) to base 4.
1000323
Convert -2c2 (base 15) to base 6.
-2532
Convert -588 (base 13) to base 16.
-3bd
Convert 110120 (base 5) to base 6.
25305
What is 354 (base 14) in base 2?
1010010110
999d (base 15) to base 6
410404
Convert -104513 (base 6) to base 2.
-10001001111101
-2142144 (base 5) to base 4
-21010312
-4260 (base 7) to base 4
-113220
What is 210000202 (base 3) in base 5?
442304
What is 446 (base 8) in base 11?
248
Convert 188 (base 10) to base 2.
10111100
Convert -532 (base 7) to base 15.
-12d
Convert -201505 (base 6) to base 5.
-1002303
What is -4122 (base 9) in base 5?
-44032
Convert 92d (base 14) to base 12.
1065
What is 64600 (base 7) in base 6?
202224
What is 3331 (base 4) in base 10?
253
-110025 (base 7) to base 14
-7015
-3667 (base 12) to base 13
-2a34
-409 (base 11) to base 12
-351
Convert -10211110 (base 4) to base 10.
-18772
Convert 303011 (base 5) to base 6.
113100
309 (base 16) to base 8
1411
Convert 173 (base 15) to base 7.
654
What is -242 (base 7) in base 3?
-11202
What is -4455 (base 14) in base 4?
-2320323
Convert -47d (base 14) to base 9.
-1204
What is -13312 (base 13) in base 9?
-53837
-1122221 (base 3) to base 15
-55d
-3433 (base 13) to base 9
-11021
21684 (base 10) to base 3
1002202010
2225 (base 8) to base 2
10010010101
b02 (base 12) to base 5
22321
What is -203 (base 13) in base 4?
-11111
What is 1011 (base 6) in base 9?
267
What is 358 (base 9) in base 6?
1212
23248 (base 9) to base 2
11110010011011
Convert -69 (base 10) to base 16.
-45
1465 (base 8) to base 11
687
What is -1e2 (base 16) in base 2?
-111100010
What is 130343 (base 5) in base 13?
2422
Convert -70 (base 10) to base 7.
-130
114 (base 15) to base 5
1434
Convert 13d8 (base 15) to base 13.
1c22
What is -1202021221 (base 3) in base 7?
-202342
What is -1100000001 (base 2) in base 13?
-472
Convert -4c4 (base 13) to base 4.
-31010
Convert 3022 (base 13) to base 16.
19db
What is -2250 (base 6) in base 3?
-201210
Convert 27560 (base 9) to base 11.
13046
Convert 3455 (base 15) to base 12.
6515
Convert -2a65 (base 15) to base 11.
-6919
Convert -10311 (base 5) to base 12.
-4aa
What is -3215 (base 8) in base 4?
-122031
-352322 (base 6) to base 7
-154343
What is -30 (base 11) in base 4?
-201
415b (base 14) to base 8
25765
What is -33013 (base 7) in base 2?
-10000000110010
Convert -1ee (base 15) to base 5.
-3244
What is -64375 (base 8) in base 13?
-c306
What is -201220221 (base 3) in base 2?
-11100010111100
What is -3dbb (base 15) in base 9?
-20125
5740 (base 8) to base 3
11011121
-c3a6 (base 13) to base 6
-325011
What is 121 (base 3) in base 10?
16
What is -23a6 (base 15) in base 9?
-11353
Convert -24 (base 13) to base 14.
-22
Convert 2722 (base 8) to base 15.
695
-5c4d (base 14) to base 2
-11111100001101
What is -201331 (base 4) in base 16?
-87d
13013 (base 4) to base 13
290
Convert 11100100000 (base 2) to base 6.
12240
Convert -2220111 (base 5) to base 15.
-b756
Convert -32635 (base 7) to base 11.
-6193
Convert -4547 (base 11) to base 6.
-43404
Convert 50a7 (base 11) to base 14.
267a
-141 (base 7) to base 9
-86
1313 (base 15) to base 8
7744
What is -495 (base 10) in base 7?
-1305
-2202122000 (base 3) to base 15
-111c0
What is -23661 (base 7) in base 14?
-2368
-8682 (base 15) to base 14
-a53a
-160 (base 10) to base 4
-2200
What is 201 (base 5) in base 12?
43
What is f2d (base 16) in base 6?
25553
What is -1010010101 (base 2) in base 16?
-295
What is 530152 (base 6) in base 5?
2332321
What is -21430 (base 5) in base 6?
-10522
Convert 85 (base 14) to base 7.
225
Convert -6004 (base 11) to base 2.
-1111100110110
5307 (base 9) to base 8
7467
Convert 1220 (base 5) to base 9.
225
What is -2000102 (base 4) in base 2?
-10000000010010
Convert 2028 (base 10) to base 2.
11111101100
1201310 (base 4) to base 3
22120212
What is -2025 (base 8) in base 12?
-731
What is -267 (base 8) in base 9?
-223
Convert -55153 (base 6) to base 15.
-23d9
Convert 14019 (base 11) to base 5.
1114420
1239 (base 10) to base 6
5423
Convert 104853 (base 9) to base 4.
33103011
Convert 25260 (base 9) to base 6.
210343
Convert 2332131 (base 5) to base 9.
64625
14 (base 13) to base 9
18
Convert 2631 (base 9) to base 10.
1972
Convert 100133 (base 4) to base 9.
1402
What is -10021210 (base 3) in base 2?
-100101011101
35565 (base 7) to base 6
110350
Convert 10101010100 (base 2) to base 8.
2524
337 (base 10) to base 13
1cc
What is 154 (base 6) in base 5?
240
Convert 1554 (base 6) to base 5.
3210
-2529 (base 14) to base 6
-50041
-4a4 (base 11) to base 8
-1126
-228 (base 15) to base 7
-1265
What is 1412 (base 6) in base 12?
268
What is -6570 (base 13) in base 